{"id":9,"date":"2023-03-01T11:52:32","date_gmt":"2023-03-01T09:52:32","guid":{"rendered":"https:\/\/uusisivu.keskiespooseura.fi\/?page_id=9"},"modified":"2024-06-28T13:02:29","modified_gmt":"2024-06-28T10:02:29","slug":"keski-espoo-seura","status":"publish","type":"page","link":"https:\/\/keskiespooseura.fi\/?page_id=9","title":{"rendered":"Keski-Espoo -seura"},"content":{"rendered":"\t\t<div data-elementor-type=\"wp-page\" data-elementor-id=\"9\" class=\"elementor elementor-9\">\n\t\t\t\t\t\t<section class=\"elementor-section elementor-top-section elementor-element elementor-element-120cb75 elementor-section-boxed elementor-section-height-default elementor-section-height-default\" data-id=\"120cb75\" data-element_type=\"section\" data-e-type=\"section\">\n\t\t\t\t\t\t<div class=\"elementor-container elementor-column-gap-default\">\n\t\t\t\t\t<div class=\"elementor-column elementor-col-50 elementor-top-column elementor-element elementor-element-50628da\" data-id=\"50628da\" data-element_type=\"column\" data-e-type=\"column\">\n\t\t\t<div class=\"elementor-widget-wrap elementor-element-populated\">\n\t\t\t\t\t\t<div class=\"elementor-element elementor-element-3883b61 elementor-widget elementor-widget-heading\" data-id=\"3883b61\" data-element_type=\"widget\" data-e-type=\"widget\" data-widget_type=\"heading.default\">\n\t\t\t\t<div class=\"elementor-widget-container\">\n\t\t\t\t\t<h1 class=\"elementor-heading-title elementor-size-default\">Keski-Espoo-seura on toiminut 35 vuotta\n<\/h1>\t\t\t\t<\/div>\n\t\t\t\t<\/div>\n\t\t\t\t<div class=\"elementor-element elementor-element-3eaa99b elementor-widget elementor-widget-text-editor\" data-id=\"3eaa99b\" data-element_type=\"widget\" data-e-type=\"widget\" data-widget_type=\"text-editor.default\">\n\t\t\t\t<div class=\"elementor-widget-container\">\n\t\t\t\t\t\t\t\t\t<p>Keski-Espoo \u2013seura merkittiin yhdistysrekisteriin 29.5.1990. Seuran perustava kokous oli pidetty Suvelan kerhokeskuksen auditoriossa 3.1.1989. Paikalla oli kuutisenkymment\u00e4 asuinalueensa kehitt\u00e4misest\u00e4 kiinnostunutta keskiespoolaista. Ajatus oman kaupunginosayhdistyksen perustamisesta oli syntynyt vuosina 1986\u201387 Espoon keskuksen kehitt\u00e4mist\u00e4 varten asetetussa Suvelan Sofy-projektissa. Se oli perustettu Espoon kaupungin taholta ja siin\u00e4 oli mukana sek\u00e4 asukkaita ett\u00e4 kaupungin virkamiehi\u00e4. Keski-Espoo-seuran nimi ja toiminta-alue vahvistettiin seuralle perustavassa kokouksessa 3.1.1989. Yhdistyksen toiminta-alueeksi m\u00e4\u00e4riteltiin kaupunginosa 40, Espoon keskus, l\u00e4hialueineen.\u2028\u00a0\u2028<br \/><br \/>Yhdistyksen s\u00e4\u00e4nn\u00f6t sis\u00e4lsiv\u00e4t 18 pyk\u00e4l\u00e4\u00e4. S\u00e4\u00e4nt\u00f6jen mukaan Keski-Espoo-seura \u2013 F\u00f6reningen f\u00f6r Mellersta Esbo on kaksikielinen, puoluepoliittisesti sitoutumaton yhdistys. S\u00e4\u00e4nn\u00f6iss\u00e4 m\u00e4\u00e4ritell\u00e4\u00e4n yhdistyksen tarkoitus ja toiminta, j\u00e4senist\u00f6, johtokunta, nimenkirjoittajat, talous sek\u00e4 s\u00e4\u00e4nt\u00f6jen muuttaminen ja seuran purkaminen. Keski-Espoo \u2013seuran s\u00e4\u00e4nt\u00f6m\u00e4\u00e4r\u00e4iseen toimintaan kuuluivat kev\u00e4t- ja syyskokous, joissa vahvistetaan talous ja valitaan j\u00e4senet seuran johtokuntaan. (s\u00e4\u00e4nt\u00f6muutosehdotuksessa seuralla on jatkossa vain yksi kokous vuodessa).<br \/><br \/>Keski-Espoo-seuran s\u00e4\u00e4nn\u00f6t p\u00e4ivitettiin kev\u00e4\u00e4ll\u00e4 2024 ja uudet s\u00e4\u00e4nn\u00f6t tulivat voimaan 09.04.2024. Uusien s\u00e4\u00e4nt\u00f6jen mukaan seuralla on vuodessa vain yksi kokous, vuosikokous, jossa k\u00e4sitell\u00e4\u00e4n aikaisemmin kev\u00e4t- ja syyskokoukselle kuuluneet asiat. Muilta osin s\u00e4\u00e4nn\u00f6t noudattavat suurelta osin vanhoja s\u00e4\u00e4nt\u00f6j\u00e4.<br \/><br \/>Keski-Espoo-seuran toimintamallit syntyiv\u00e4t nopeasti perustamisen j\u00e4lkeen ja ovat ohjanneet seuran toimintaa nykyp\u00e4iv\u00e4\u00e4n saakka. Seura aloitti jo toukokuussa 1989 julkaisemaan omaa lehte\u00e4, Keski-Espoon Sanomia.<\/p><p>\u00a0<\/p>\t\t\t\t\t\t\t\t<\/div>\n\t\t\t\t<\/div>\n\t\t\t\t\t<\/div>\n\t\t<\/div>\n\t\t\t\t<div class=\"elementor-column elementor-col-50 elementor-top-column elementor-element elementor-element-26cd1b6\" data-id=\"26cd1b6\" data-element_type=\"column\" data-e-type=\"column\">\n\t\t\t<div class=\"elementor-widget-wrap elementor-element-populated\">\n\t\t\t\t\t\t<div class=\"elementor-element elementor-element-6b3f416 elementor-widget elementor-widget-image\" data-id=\"6b3f416\" data-element_type=\"widget\" data-e-type=\"widget\" data-widget_type=\"image.default\">\n\t\t\t\t<div class=\"elementor-widget-container\">\n\t\t\t\t\t\t\t\t\t\t\t\t\t\t\t<img fetchpriority=\"high\" decoding=\"async\" width=\"486\" height=\"432\" src=\"https:\/\/keskiespooseura.fi\/wp-content\/uploads\/2023\/03\/kartta.png\" class=\"attachment-large size-large wp-image-125\" alt=\"\" srcset=\"https:\/\/keskiespooseura.fi\/wp-content\/uploads\/2023\/03\/kartta.png 486w, https:\/\/keskiespooseura.fi\/wp-content\/uploads\/2023\/03\/kartta-300x267.png 300w\" sizes=\"(max-width: 486px) 100vw, 486px\" \/>\t\t\t\t\t\t\t\t\t\t\t\t\t\t\t<\/div>\n\t\t\t\t<\/div>\n\t\t\t\t\t<\/div>\n\t\t<\/div>\n\t\t\t\t\t<\/div>\n\t\t<\/section>\n\t\t\t\t<\/div>\n\t\t","protected":false},"excerpt":{"rendered":"<p>Keski-Espoo-seura on toiminut 35 vuotta Keski-Espoo \u2013seura merkittiin yhdistysrekisteriin 29.5.1990. Seuran perustava kokous oli pidetty Suvelan kerhokeskuksen auditoriossa 3.1.1989. Paikalla oli kuutisenkymment\u00e4 asuinalueensa kehitt\u00e4misest\u00e4 kiinnostunutta keskiespoolaista. Ajatus oman kaupunginosayhdistyksen perustamisesta oli syntynyt vuosina 1986\u201387 Espoon keskuksen kehitt\u00e4mist\u00e4 varten asetetussa Suvelan Sofy-projektissa. Se oli perustettu Espoon kaupungin taholta ja siin\u00e4 oli mukana sek\u00e4 asukkaita ett\u00e4 kaupungin [&hellip;]<\/p>\n","protected":false},"author":2,"featured_media":0,"parent":0,"menu_order":0,"comment_status":"closed","ping_status":"closed","template":"","meta":{"footnotes":""},"class_list":["post-9","page","type-page","status-publish","hentry"],"_links":{"self":[{"href":"https:\/\/keskiespooseura.fi\/index.php?rest_route=\/wp\/v2\/pages\/9","targetHints":{"allow":["GET"]}}],"collection":[{"href":"https:\/\/keskiespooseura.fi\/index.php?rest_route=\/wp\/v2\/pages"}],"about":[{"href":"https:\/\/keskiespooseura.fi\/index.php?rest_route=\/wp\/v2\/types\/page"}],"author":[{"embeddable":true,"href":"https:\/\/keskiespooseura.fi\/index.php?rest_route=\/wp\/v2\/users\/2"}],"replies":[{"embeddable":true,"href":"https:\/\/keskiespooseura.fi\/index.php?rest_route=%2Fwp%2Fv2%2Fcomments&post=9"}],"version-history":[{"count":29,"href":"https:\/\/keskiespooseura.fi\/index.php?rest_route=\/wp\/v2\/pages\/9\/revisions"}],"predecessor-version":[{"id":1174,"href":"https:\/\/keskiespooseura.fi\/index.php?rest_route=\/wp\/v2\/pages\/9\/revisions\/1174"}],"wp:attachment":[{"href":"https:\/\/keskiespooseura.fi\/index.php?rest_route=%2Fwp%2Fv2%2Fmedia&parent=9"}],"curies":[{"name":"wp","href":"https:\/\/api.w.org\/{rel}","templated":true}]}}